{"id":31,"date":"2012-12-20T22:45:26","date_gmt":"2012-12-20T20:45:26","guid":{"rendered":"http:\/\/hotel-weinstube-roemer.de\/wordpress\/?page_id=31"},"modified":"2018-04-15T19:41:48","modified_gmt":"2018-04-15T17:41:48","slug":"weingut","status":"publish","type":"page","link":"http:\/\/hotel-weinstube-roemer.de\/?page_id=31","title":{"rendered":"Weingut Schuckmann S\u00f6hne"},"content":{"rendered":"<h1 style=\"text-align: center;\"><\/h1>\n<p>In Alzey-Schafhausen, dem \u00e4ltesten Stadtteil von Alzey, finden Sie unser Weingut Schuckmann S\u00f6hne, das seit Generationen als Familienbetrieb gef\u00fchrt wird.<\/p>\n<p>Die urspr\u00fcnglich gemischte Landwirtschaft (Acker- und Weinbau) wurde nach 1952 mit der Ausweitung der Rebveredlung durch unseren Vater Friedel Schuckmann erstmals ver\u00e4ndert. Der Tradition verpflichtet haben wir schlie\u00dflich in den 80iger Jahren die Rebveredlung aufgegeben, die Rebfl\u00e4chen erweitert und g\u00e4nzlich auf Weinbau umgestellt. Es wurde mit dem Weinausbau im Barrique begonnen und bei Neuanpflanzungen auf bew\u00e4hrte klassische Sorten aus bestem Pflanzmaterial geachtet.<\/p>\n<p>Wir freuen uns Ihnen heute eine breite Palette erlesener Weine anbieten zu k\u00f6nnen. Unser Sortiment reicht vom trockenen Qualit\u00e4tswein \u00fcber die aktuelle Classic-Linie, Cuv\u00e9e\u00b4s, bis hin zu trockenen Winzersekten.<\/p>\n<p style=\"text-align: left;\">Uwe und Heiko Schuckmann<\/p>\n<hr style=\"border: none; background-color: rgba(0,0,0,0); color: rgba(0,0,0,0); border-bottom: 3px rgba(95, 35, 27, 0.45) solid;\" \/>\n<h1 style=\"text-align: left;\">Kontakt<\/h1>\n<p>Weingut Schuckmann S\u00f6hne \u00a0 \u00a0 \u00a0\u00a0 \u00a0 \u00a0 \u00a0 \u00a0 \u00a0 \u00a0 \u00a0 \u00a0 \u00a0 \u00a0 \u00a0 \u00a0 \u00a0 \u00a0 Tel.: \u00a0 \u00a0+49 (0) 6731 \/ 55 3 99 \u00a0 \u00a0 \u00a0 \u00a0 \u00a0 \u00a0 \u00a0 \u00a0 \u00a0 \u00a0 \u00a0 \u00a0 \u00a0 \u00a0 \u00a0 \u00a0 \u00a0 \u00a0 \u00a0 \u00a0 \u00a0 \u00a0 \u00a0 \u00a0 \u00a0\u00a0<a href=\"http:\/\/hotel-weinstube-roemer.de\/wordpress\/wp-content\/uploads\/2012\/12\/IMG_0001.jpg\"><img loading=\"lazy\" decoding=\"async\" class=\"alignright size-thumbnail wp-image-353\" src=\"http:\/\/hotel-weinstube-roemer.de\/wordpress\/wp-content\/uploads\/2012\/12\/IMG_0001-150x150.jpg\" alt=\"IMG_0001\" width=\"150\" height=\"150\" \/><\/a><br \/>\nUwe Schuckmann\u00a0 \u00a0 \u00a0 \u00a0 \u00a0 \u00a0 \u00a0 \u00a0 \u00a0 \u00a0 \u00a0 \u00a0 \u00a0 \u00a0 \u00a0 \u00a0 \u00a0 \u00a0 \u00a0 \u00a0 \u00a0 \u00a0 \u00a0 \u00a0 \u00a0 \u00a0 \u00a0 Mobil: +49 (0) 170 \/ 5 60 60 18<br \/>\nAm Dorfbrunnen 3\u00a0 \u00a0 \u00a0 \u00a0 \u00a0 \u00a0 \u00a0 \u00a0 \u00a0 \u00a0 \u00a0 \u00a0 \u00a0 \u00a0 \u00a0 \u00a0 \u00a0 \u00a0 \u00a0 \u00a0 \u00a0 \u00a0 \u00a0 \u00a0 \u00a0 \u00a0 \u00a0Fax: \u00a0 \u00a0+49 (0) 6731 \/ 99 777 07<br \/>\nE-Mail: Schuckmannweine@aol.com<\/p>\n<p>-Verkostung, individuelle Beratung und Verkauf nach telefonischer Vereinbarung. &#8211;<\/p>\n<p>&nbsp;<\/p>\n<h1 style=\"text-align: center;\"><\/h1>\n<hr style=\"border: none; background-color: rgba(0,0,0,0); color: rgba(0,0,0,0); border-bottom: 3px rgba(95, 35, 27, 0.45) solid;\" \/>\n<pre style=\"text-align: center;\"><\/pre>\n<h1 style=\"text-align: left;\">Weine<\/h1>\n<p><a href=\"http:\/\/hotel-weinstube-roemer.de\/wordpress\/wp-content\/uploads\/2012\/12\/IMG_4067.jpg\"><img loading=\"lazy\" decoding=\"async\" class=\"alignleft wp-image-95\" src=\"http:\/\/hotel-weinstube-roemer.de\/wordpress\/wp-content\/uploads\/2012\/12\/IMG_4067-300x225.jpg\" alt=\"IMG_4067\" width=\"310\" height=\"233\" srcset=\"http:\/\/hotel-weinstube-roemer.de\/wp-content\/uploads\/2012\/12\/IMG_4067-300x225.jpg 300w, http:\/\/hotel-weinstube-roemer.de\/wp-content\/uploads\/2012\/12\/IMG_4067-1024x768.jpg 1024w, http:\/\/hotel-weinstube-roemer.de\/wp-content\/uploads\/2012\/12\/IMG_4067-160x120.jpg 160w\" sizes=\"auto, (max-width: 310px) 100vw, 310px\" \/><\/a><\/p>\n<p style=\"padding-top: 0;\">Das Klima bei uns in Rheinhessen schafft optimale Voraussetzungen f\u00fcr den Wachstum der Reben. Hunsr\u00fcck, Taunus und Pf\u00e4lzer Wald halten Regen und heftige Winde fern und mit 1700 Sonnenstunden im Jahr geh\u00f6ren wir zu den w\u00e4rmsten Orten Deutschlands.<\/p>\n<p>So achten wir bei der Wahl der verschiedenen Rebsorten vor allem auf das Zusammenspiel der vielf\u00e4ltigen B\u00f6den und das Klima unserer Weinlagen. Vom Rebschnitt im Winter bis zur Traubenlese im Herbst liegt es schlie\u00dflich in unseren H\u00e4nden durch sorgf\u00e4ltige Bewirtschaftungs-ma\u00dfnahmen in den Weinbergen das vorgegebene Potenzial der typischen Lagen in die gew\u00fcnschte Qualit\u00e4ten der Trauben umzusetzen.<\/p>\n<p>Die vollreifen Trauben werden schlie\u00dflich mit viel Erfahrung, Know-How und bester Kellertechnik auf schonende Weise zu sortentypischen charaktervollen Weinen ausgebaut.<\/p>\n<div style=\"background-color: #fffcdf; border: 0px;\">\n<blockquote>\n<p style=\"text-align: center;\"><span style=\"color: #000000;\">\u201eNichts macht mit der Landschaft vertrauter,\u00a0als der Genuss der Weine,<br \/>\ndie auf ihrer Erde\u00a0gewachsen\u00a0und von ihrer Sonne durchleuchtet sind.\u201c -Ernst J\u00fcnger 1895-<\/span><\/p>\n<\/blockquote>\n<\/div>\n","protected":false},"excerpt":{"rendered":"<p>In Alzey-Schafhausen, dem \u00e4ltesten Stadtteil von Alzey, finden Sie unser Weingut Schuckmann S\u00f6hne, das seit Generationen als Familienbetrieb gef\u00fchrt wird. Die urspr\u00fcnglich gemischte Landwirtschaft (Acker- und Weinbau) wurde nach 1952 mit der Ausweitung der Rebveredlung durch unseren Vater Friedel Schuckmann erstmals ver\u00e4ndert. Der Tradition verpflichtet haben wir schlie\u00dflich in den 80iger Jahren die Rebveredlung aufgegeben, [&hellip;]<\/p>\n","protected":false},"author":1,"featured_media":451,"parent":0,"menu_order":3,"comment_status":"open","ping_status":"open","template":"page_full.php","meta":{"footnotes":""},"class_list":["post-31","page","type-page","status-publish","has-post-thumbnail","hentry"],"_links":{"self":[{"href":"http:\/\/hotel-weinstube-roemer.de\/index.php?rest_route=\/wp\/v2\/pages\/31","targetHints":{"allow":["GET"]}}],"collection":[{"href":"http:\/\/hotel-weinstube-roemer.de\/index.php?rest_route=\/wp\/v2\/pages"}],"about":[{"href":"http:\/\/hotel-weinstube-roemer.de\/index.php?rest_route=\/wp\/v2\/types\/page"}],"author":[{"embeddable":true,"href":"http:\/\/hotel-weinstube-roemer.de\/index.php?rest_route=\/wp\/v2\/users\/1"}],"replies":[{"embeddable":true,"href":"http:\/\/hotel-weinstube-roemer.de\/index.php?rest_route=%2Fwp%2Fv2%2Fcomments&post=31"}],"version-history":[{"count":108,"href":"http:\/\/hotel-weinstube-roemer.de\/index.php?rest_route=\/wp\/v2\/pages\/31\/revisions"}],"predecessor-version":[{"id":472,"href":"http:\/\/hotel-weinstube-roemer.de\/index.php?rest_route=\/wp\/v2\/pages\/31\/revisions\/472"}],"wp:featuredmedia":[{"embeddable":true,"href":"http:\/\/hotel-weinstube-roemer.de\/index.php?rest_route=\/wp\/v2\/media\/451"}],"wp:attachment":[{"href":"http:\/\/hotel-weinstube-roemer.de\/index.php?rest_route=%2Fwp%2Fv2%2Fmedia&parent=31"}],"curies":[{"name":"wp","href":"https:\/\/api.w.org\/{rel}","templated":true}]}}