{"id":33,"date":"2012-12-20T22:45:14","date_gmt":"2012-12-20T20:45:14","guid":{"rendered":"http:\/\/hotel-weinstube-roemer.de\/wordpress\/?page_id=33"},"modified":"2025-09-26T09:51:30","modified_gmt":"2025-09-26T07:51:30","slug":"hotel","status":"publish","type":"page","link":"https:\/\/hotel-weinstube-roemer.de\/?page_id=33","title":{"rendered":"Hotel"},"content":{"rendered":"<div id=\"attachment_317\" style=\"width: 260px\" class=\"wp-caption alignright\"><a href=\"http:\/\/hotel-weinstube-roemer.de\/wordpress\/wp-content\/uploads\/2012\/12\/Hotel_01a.jpg\"><img loading=\"lazy\" decoding=\"async\" aria-describedby=\"caption-attachment-317\" class=\"wp-image-317\" src=\"http:\/\/hotel-weinstube-roemer.de\/wp-content\/uploads\/2012\/12\/Hotel_01a-300x225.jpg\" alt=\"Doppelzimmer\" width=\"250\" height=\"188\" srcset=\"https:\/\/hotel-weinstube-roemer.de\/wp-content\/uploads\/2012\/12\/Hotel_01a-300x225.jpg 300w, https:\/\/hotel-weinstube-roemer.de\/wp-content\/uploads\/2012\/12\/Hotel_01a-1024x768.jpg 1024w, https:\/\/hotel-weinstube-roemer.de\/wp-content\/uploads\/2012\/12\/Hotel_01a-160x120.jpg 160w\" sizes=\"auto, (max-width: 250px) 100vw, 250px\" \/><\/a><p id=\"caption-attachment-317\" class=\"wp-caption-text\">Doppelzimmer<\/p><\/div>\n<div id=\"attachment_320\" style=\"width: 260px\" class=\"wp-caption alignleft\"><a href=\"http:\/\/hotel-weinstube-roemer.de\/wordpress\/wp-content\/uploads\/2012\/12\/Hotel_04a.jpg\"><img loading=\"lazy\" decoding=\"async\" aria-describedby=\"caption-attachment-320\" class=\"wp-image-320\" src=\"http:\/\/hotel-weinstube-roemer.de\/wp-content\/uploads\/2012\/12\/Hotel_04a-300x225.jpg\" alt=\"Sitzecke im Sudio\" width=\"250\" height=\"188\" srcset=\"https:\/\/hotel-weinstube-roemer.de\/wp-content\/uploads\/2012\/12\/Hotel_04a-300x225.jpg 300w, https:\/\/hotel-weinstube-roemer.de\/wp-content\/uploads\/2012\/12\/Hotel_04a-1024x768.jpg 1024w, https:\/\/hotel-weinstube-roemer.de\/wp-content\/uploads\/2012\/12\/Hotel_04a-160x120.jpg 160w\" sizes=\"auto, (max-width: 250px) 100vw, 250px\" \/><\/a><p id=\"caption-attachment-320\" class=\"wp-caption-text\">Sitzecke im Studio<\/p><\/div>\n<p>Die rustikal eingerichteten Zimmer mit sehr pers\u00f6nlicher Atmosph\u00e4re befinden sich in der 2. und 3. Etage des Hauses.<\/p>\n<p>Selbstverst\u00e4ndlich sind alle Zimmer mit Dusche\/WC, Telefon und TV ausgestattet.<\/p>\n<p>Alle Zimmer sind Nichtraucherzimmer.<\/p>\n<p>Preis pro Zimmer\/Nacht inklusive Fr\u00fchst\u00fcck:<\/p>\n<p>Doppelzimmer 85,00 Euro<br \/>\nEinzelzimmer\u00a0 \u00a060,00 Euro<\/p>\n","protected":false},"excerpt":{"rendered":"<p>Die rustikal eingerichteten Zimmer mit sehr pers\u00f6nlicher Atmosph\u00e4re befinden sich in der 2. und 3. Etage des Hauses. Selbstverst\u00e4ndlich sind alle Zimmer mit Dusche\/WC, Telefon und TV ausgestattet. Alle Zimmer sind Nichtraucherzimmer. Preis pro Zimmer\/Nacht inklusive Fr\u00fchst\u00fcck: Doppelzimmer 85,00 Euro Einzelzimmer\u00a0 \u00a060,00 Euro<\/p>\n","protected":false},"author":1,"featured_media":0,"parent":0,"menu_order":2,"comment_status":"open","ping_status":"open","template":"page_full.php","meta":{"footnotes":""},"class_list":["post-33","page","type-page","status-publish","hentry"],"_links":{"self":[{"href":"https:\/\/hotel-weinstube-roemer.de\/index.php?rest_route=\/wp\/v2\/pages\/33","targetHints":{"allow":["GET"]}}],"collection":[{"href":"https:\/\/hotel-weinstube-roemer.de\/index.php?rest_route=\/wp\/v2\/pages"}],"about":[{"href":"https:\/\/hotel-weinstube-roemer.de\/index.php?rest_route=\/wp\/v2\/types\/page"}],"author":[{"embeddable":true,"href":"https:\/\/hotel-weinstube-roemer.de\/index.php?rest_route=\/wp\/v2\/users\/1"}],"replies":[{"embeddable":true,"href":"https:\/\/hotel-weinstube-roemer.de\/index.php?rest_route=%2Fwp%2Fv2%2Fcomments&post=33"}],"version-history":[{"count":20,"href":"https:\/\/hotel-weinstube-roemer.de\/index.php?rest_route=\/wp\/v2\/pages\/33\/revisions"}],"predecessor-version":[{"id":570,"href":"https:\/\/hotel-weinstube-roemer.de\/index.php?rest_route=\/wp\/v2\/pages\/33\/revisions\/570"}],"wp:attachment":[{"href":"https:\/\/hotel-weinstube-roemer.de\/index.php?rest_route=%2Fwp%2Fv2%2Fmedia&parent=33"}],"curies":[{"name":"wp","href":"https:\/\/api.w.org\/{rel}","templated":true}]}}